e the prime factors of u?
2, 5
Suppose p + 0*p = 5*r + 70, 4*p = 3*r + 246. Suppose -2*q + p = q. What are the prime factors of q?
2, 5
Let w(k) = k**3 - 8*k**2 - 4*k + 11. Let f be w(8). Let y = -29 + 17. Let x = y - f. What are the prime factors of x?
3
Let h = -471 - -684. What are the prime factors of h?
3, 71
Let l(a) = -20*a**3 + a. Let q be l(1). Let c = q - -35. What are the prime factors of c?
2
Let n(l) = l**3 + 2*l**2 - 2*l - 2. Let v be n(-2). List the prime factors of 10 + 3 - v - 1.
2, 5
Let c = 8 - 2. Let m = c + 19. Suppose v + 2*v + m = 2*s, -5*s = -3*v - 58. List the prime factors of s.
11
Let n(k) = -4*k**2 - k - 7. Let d(u) = 5*u**2 + 2*u + 8. Let q(x) = 5*d(x) + 6*n(x). List the prime factors of q(-5).
3
Suppose -4*n - 7 = -95. What are the prime factors of n?
2, 11
Suppose 2*t + 2*t = 0. Suppose -p + w = 4*w - 13, 3*p - 4*w = t. List the prime factors of p.
2
What are the prime factors of 4/((-88)/(-28) + -3)?
2, 7
Suppose r + 2*r + z = 516, 3*z - 510 = -3*r. List the prime factors of r.
173
Let c(o) be the second derivative of o**4 - o**3/6 - 4*o. What are the prime factors of c(-1)?
13
Suppose 2*o - 4 = 2*f + 46, 2*o + 2*f = 54. What are the prime factors of o?
2, 13
Suppose 0 = -5*i + 2*d - 53, 6*i = i - d - 56. Let s = i + 20. Suppose 0 = -f + s. What are the prime factors of f?
3
Let l be (-13)/(-2) + 3/(-6). Let y(k) = -k**2 + 8*k - 8. Let a be y(6). What are the prime factors of 0/a + l*1?
2, 3
Suppose -4 = -2*z + 4*l, -5*z = -0*l - 3*l - 17. Suppose 0 = h, 3 = u + z*h - 17. What are the prime factors of (-1)/((-2)/u) + -2?
2
Suppose -d + 0 = -4. Suppose -n - 90 = -6*n. Suppose -n = -d*o + 2. List the prime factors of o.
5
Let w be (-14)/91 - (-212)/26. Let o = w + -11. Let y = o + 6. List the prime factors of y.
3
What are the prime factors of ((-4)/(-3))/(3/54)?
2, 3
Suppose -960 = -4*n + 4*i, 6*n + 2*i = n + 1186. What are the prime factors of n?
2, 7, 17
Let g(d) be the first derivative of d**4/4 - d**3 - 7*d**2/2 + 7*d - 4. What are the prime factors of g(5)?
2, 11
Let g(k) = 8*k. List the prime factors of g(2).
2
Suppose 3*h - 385 - 482 = 0. What are the prime factors of h?
17
Let x(q) = 2*q - 4. Let a be x(3). Let u(z) = z + 0*z - 7*z + 6 - a - z**2. List the prime factors of u(-6).
2
Let m(z) = -1 + 4*z - z - 5. What are the prime factors of m(5)?
3
Suppose 2*f + 2*f = -3*d + 43, d - 16 = -f. Let y = -13 + d. What are the prime factors of y?
2
Suppose 3*h = -12, 2*h + 16 = -4*p - 3*h. What are the prime factors of (p*-4)/((-4)/16)?
2
Let u = 26 - 10. List the prime factors of u.
2
Let k(t) = t**3 - 2*t - 6. List the prime factors of k(6).
2, 3, 11
Suppose -z = 4*f - 4, 2*f + 4*z - 10 - 6 = 0. Suppose p - 11 - 1 = f. Suppose -n - p = -3*n. What are the prime factors of n?
2, 3
List the prime factors of -1*39/(3 + -6).
13
Let k(x) = -x**2 - x + 3. Let w be k(0). Let c(b) = -b**2 + 7*b + 1. List the prime factors of c(w).
13
Let v = -13 + 24. Suppose 4 = 3*o - v. Suppose -2*d + 32 = o*w, 3*d + 2*w - 4*w - 29 = 0. List the prime factors of d.
11
Let h(g) = g**2 + 4*g - 41. What are the prime factors of h(-12)?
5, 11
Suppose -6 = -d + c, -d + 12 + 0 = -4*c. List the prime factors of d.
2
Let v(s) = s**2 - 6*s + 29. What are the prime factors of v(-12)?
5, 7
Suppose 3*w - 5*i - 333 = 0, 9*i - 6*i + 444 = 4*w. List the prime factors of w.
3, 37
Let m(o) = -12*o. Let w be m(-1). What are the prime factors of 147/w + 1/(-4)?
2, 3
Let p = 15 + -9. Let x(g) = 1 + p - g + 3*g**2 - 2*g**2 - 6*g. List the prime factors of x(8).
3, 5
Suppose -3*l + 8 = l. Suppose 0*d - 5*g = 2*d + 13, g - 7 = -l*d. List the prime factors of d.
2, 3
Suppose -3*q + 567 = -72. What are the prime factors of q?
3, 71
Suppose 4*t + 21 = 9, 0 = -4*g - 4*t - 8. Suppose 4*l + g = -3. List the prime factors of (l/2)/(2/(-44)).
11
What are the prime factors of 1/(1666/(-10010) - (-2)/11)?
5, 13
Let h(x) = -x**3 - 6*x**2 + x - 3. Let p be h(-6). Let t be (-18)/8*24/p. Suppose 2*w + 44 = t*w. List the prime factors of w.
11
Let u = 274 - 154. What are the prime factors of u?
2, 3, 5
Suppose 3*i - 3*m - 21 = 0, 20 = 5*i + 2*m - 1. Suppose 0 = -i*u + 87 - 32. List the prime factors of u.
11
Suppose c - 21 = x - 2*x, -c = 2*x - 25. List the prime factors of c.
17
Let u(w) = -2*w**2 + w + 2. Let s(x) = -2*x**2 + x + 2. Let r(n) = -6*s(n) + 5*u(n). What are the prime factors of r(-3)?
19
Suppose 2*h = -g + 81, 0 = -2*g - g + 9. What are the prime factors of h?
3, 13
Let x = 2 - -7. Let i = -5 + x. Let g(k) = -k**3 + 5*k**2 - 2*k + 3. List the prime factors of g(i).
11
Suppose -w = 2*w - 3. What are the prime factors of 10/w + 0 + 3?
13
Suppose 2 - 4 = 2*g - 3*u, 2*g + 6 = 5*u. Suppose -i + 3*i + g = 0. What are the prime factors of (i - -4)*16/3?
2
Let p = -52 + 223. What are the prime factors of p?
3, 19
Let f = -14 + 20. Let s(n) = n**3 - 6*n**2 - n + 2. Let r be s(f). Let v(g) = -g**3 - 3*g**2 + g + 4. List the prime factors of v(r).
2
Let w = -5 - -8. What are the prime factors of (1/(w/(-27)))/(-1)?
3
Let r be (-39)/((-148)/76 + 2). List the prime factors of (2/(-3))/(13/r).
2, 19
Let s(y) = -2*y**2 - y. Let m be s(-2). Let j = -1 - m. Suppose -5*r - 5*d - 2 = -57, -3*r + j*d = -1. What are the prime factors of r?
7
Let r(k) = -16*k + 3*k + 0*k - 2. List the prime factors of r(-3).
37
Suppose 0*o = -4*z - 2*o - 6, -3*z = 3*o + 3. Let i be (z - -3) + 35/1. Suppose 0 = -5*p - 4*t + 5, -5*t - i = -4*p + 9. What are the prime factors of p?
5
Let l = -14 + 42. List the prime factors of l.
2, 7
Let n = -3 + 2. Let y be -2 - (12 - (n - 0)). What are the prime factors of (-12)/(-18)*y/(-2)?
5
Let q be -2*5/2*-1. Suppose -2*v + q*v = 2*c + 14, -4*v + 12 = -4*c. List the prime factors of v.
2
Let z be (5 - 6) + -87*1. List the prime factors of z/(-7) - 24/42.
2, 3
Suppose -5*x - 2*n = -102, -5*n = -4*x + 2*x + 35. List the prime factors of x.
2, 5
Let r = -7 - -5. What are the prime factors of r/(-1) + (2 - -1)?
5
Suppose -4*c = -4*m, 5*m = -0*m + 2*c + 3. Let h(v) = 4*v**2 - 2*v + 1. Let b be h(m). Suppose g = -l + 4, 4*g - b = 2*l + 37. What are the prime factors of g?
2
Let o(r) be the first derivative of -13*r**2/2 + 8. List the prime factors of o(-3).
3, 13
Let n(p) = -p**2 - 7*p - 1. Suppose 0 = -3*u - 0 - 9. List the prime factors of n(u).
11
Suppose -2*n = 3*p + 15, 2*n - 33 = 4*n - 3*p. List the prime factors of 3/6 - 138/n.
2, 3
Suppose -2*w = -3*z - 48, 0 = -4*w + 3*w + 2*z + 23. List the prime factors of w.
3
Let v be 2 - 0 - (-4)/(-2). Let h(j) = -j + 2*j**2 - 2*j**2 - j**3 + 10 - j**2. List the prime factors of h(v).
2, 5
Let p(m) = 3*m + 4. List the prime factors of p(4).
2
Suppose -s + 3*h + 6 = 0, -3*s + 13 = -5*h + 3. Let f(j) = -j + 26. What are the prime factors of f(s)?
2, 13
Let p = 22 + -9. Suppose 2*n + n - 5*k = p, 5*k = 5*n - 35. What are the prime factors of n?
11
Suppose -4*z = -7*z + 6. Suppose z*v + 5*r = 68, -3*r = 5*v - r - 128. What are the prime factors of v?
2, 3
Suppose -63 = -3*s + 195. Suppose -5*n - 1 + s = 0. What are the prime factors of n?
17
Let o(f) be the third derivative of -f**5/60 - 5*f**4/12 - 4*f**3/3 + 3*f**2. List the prime factors of o(-6).
2
Suppose -5*g + 5*b = 25, -2*g + 5*b - 25 = -0*g. Suppose 0 = h - 20 - g. What are the prime factors of h?
2, 5
Suppose 3*p = -5*x - p + 367, -5*x + 5*p = -385. List the prime factors of x.
3, 5
Suppose r + 4*m = 65, 0*r + 4*r - 315 = -5*m. List the prime factors of r.
5, 17
Suppose 0 = 5*z - 5*x - 10, -3*z = 3*x + 6 - 30. Suppose 27 - 3 = 2*f - z*t, 3*f = -t + 19. List the prime factors of f.
7
Suppose 2*f = -2*f + 8, 50 = 4*a - 3*f. List the prime factors of (-7)/a + (-106)/(-4).
2, 13
Let c = -26 - -273. List the prime factors of c.
13, 19
Suppose -20 = -3*g + 4. Let m(a) = a**3 - 7*a**2 - 8*a - 4. Let r be m(g). Let p(u) = -u**3 - 3*u**2 - 1. What are the prime factors of p(r)?
3, 5
Let o(f) = -f**2 + 13*f + 13. Let q be o(11). Let a = q + -9. List the prime factors of a.
2, 13
What are the prime factors of (-29)/(1/9*-3)?
3, 29
Let y be (10/6)/((-1)/(-3)). What are the prime factors of (y/4)/((-1)/(-8))?
2, 5
Let a be ((-5)/2)/(2/44). Let p = -23 - a. List the prime factors of p.
2
Let m = 41 - 20. Let y = m + -7. List the prime factors of y.
2, 7
Let n = -85 - 